e 18/(18/(-3))*2/(-2). Suppose -f*s + 381 = -0*s. Suppose 2*r - s = r. Is r prime?
True
Let z(m) = -386*m**3 + 4*m + 4. Let b be z(-3). Let a = -7211 + b. Is a composite?
False
Let h be (36/(-30))/(-3) - (-38)/5. Suppose h = -3*y + 7*y. Suppose 5*d + 3*g - y*g = 3989, -5*d - 3*g = -3997. Is d a prime number?
True
Suppose -16707589 = -93*m - 22*m + 48*m. Is m composite?
False
Let d = -351556 + 500819. Is d a prime number?
False
Let m(l) = 409*l + 1. Let o be m(1). Let i(x) = -x**3 + 17*x**2 + 19*x - 20. Let p be i(18). Is o - (-3 - p) - -4 composite?
True
Suppose -3*i = c - 9, -5*i + 10 + 5 = -2*c. Suppose 0 = i*n + 10*n - 37687. Is n a prime number?
False
Let b(a) = -5029*a + 3032. Is b(-15) composite?
False
Let b(g) = -2*g**3 - 35*g**2 + 13*g + 9. Let a(l) = -l**2 - 6*l + 26. Let o be a(-6). Let n be b(o). Is (2/4)/(n/19490 + 3) a composite number?
False
Let z = 107 + -107. Suppose -q + 1336 + 951 = z. Is q prime?
True
Suppose 270801 - 6820651 = -36*o + 915794. Is o composite?
True
Is ((-18)/54)/((-4)/873816*2) a prime number?
False
Let h be (3/(-6))/(2/(-24428)). Let m = -4300 + h. Is m a prime number?
False
Suppose 1010425 = 1536*t - 1511*t. Is t prime?
False
Suppose 13*u - 109329 = 254450. Is u prime?
True
Let r(x) = 16*x**2 - 8*x + 17. Let q be r(15). Suppose 5*u - q - 818 = 0. Is u prime?
True
Suppose -5*f - 15 = 0, -t + 8*f = 9*f - 1568204. Is t prime?
True
Let y = 326006 - 220549. Is y a prime number?
False
Is (210/(-42))/(10/(-48866)) prime?
False
Is 46206 - (-357)/(23 - 2) prime?
False
Let t(n) = -n**2 - 17*n - 14. Let r be t(-16). Suppose -3*b + r*d = -6*b + 12503, 3*d = -6. Is b a prime number?
False
Let c = -323 - -311. Is ((-2998)/6)/(4/c) a prime number?
True
Let u = -148 + 283. Let j = u + -131. Suppose -3*i - j*w + 505 + 492 = 0, w = 1. Is i a prime number?
True
Suppose 2491*b - 2512*b = -253155. Is b a prime number?
False
Let p(z) be the second derivative of z**4/12 + z**3/2 + z**2/2 - 564*z. Let x = 4 + -10. Is p(x) prime?
True
Let g = -46892 + 145741. Is g a composite number?
False
Suppose -5*k + f + 371449 = 0, -29*f - 297176 = -4*k - 24*f. Is k a composite number?
True
Suppose 13*v + 64 = -27. Is v/(21/(-1011)) - (1 + -1) prime?
True
Suppose 66*g = 52*g + 578760. Suppose -5*s = -2*r + 16551, -s + g = 5*r - 6*s. Is r prime?
True
Let w = -1383 - -834. Let a = w - -940. Is a a prime number?
False
Let u(o) = -102*o**2 + 14*o + 33. Let g be u(19). Let c = g - -66473. Suppose 4*t = -6*t + c. Is t a prime number?
False
Let h(g) be the second derivative of -g**5/20 - g**4/6 + 13*g**3/3 - 3*g**2 + 5*g + 8. Is h(-11) a composite number?
False
Let a = -1193 + 717. Let v = 813 + a. Is v prime?
True
Suppose -4*j = 5*a - 2970107, -1782063 = -282*a + 279*a - 3*j. Is a prime?
True
Let w = -31 + 38. Let d(b) = 926*b + 36. Let z be d(w). Let c = z + -2923. Is c a composite number?
True
Suppose d = -5*a + 22834, -36*d - a = -35*d - 22830. Is d composite?
True
Let g be -323 + (0 - (0 - 3)/3). Let r = g + 4701. Is r prime?
False
Let j = -532 - -599. Suppose -j*k + 75*k - 71992 = 0. Is k a composite number?
False
Let k = 507531 + -352360. Is k prime?
True
Let q be 49/2*30/9*33. Suppose -486 - 110 = -b. Suppose -q + b = -p. Is p a composite number?
False
Suppose 2*t = 5*w - 44, 8 = w - 3*t - 6. Let j be (w + (4 - 2))*(-2)/(-4). Suppose -4*h + j*x + 325 - 31 = 0, 2*h = 3*x + 148. Is h a prime number?
True
Suppose 0*f + 4*f = -4*v + 92, 54 = 2*v - 2*f. Is 1 + v/(-35) - (-32919)/7 composite?
False
Suppose -4*l + 12 = 4*y, y + 6*l - 4*l = 1. Suppose -t - y*t = -12. Suppose 0 = 3*g + 2*j - 231, 69 = -t*g + 3*j + 236. Is g prime?
True
Let z(u) = -23*u - 10. Suppose -14*a + 19*a - 25 = 0. Let d be z(a). Let o = 190 + d. Is o composite?
True
Suppose 36252 = 439*l - 445*l. Let t = 13373 + l. Is t composite?
False
Let c(y) = y**3 + 7*y**2 - 9*y - 17. Let r be c(-7). Suppose -r*i - 1941 = -49*i. Is i composite?
False
Suppose 5*r + 1767 + 653 = 0. Let u = -341 - r. Let l = u + -90. Is l a composite number?
False
Let i(w) = -w + 58 + 6*w - 16*w**3 - 10*w**2 + 3*w**3 + 5*w. Is i(-7) prime?
False
Suppose -5*z - 3*z = -0*z. Suppose -7*w + 3*w = 4, z = -4*n - 5*w - 9853. Is n*1*(3 - (-7)/(-2)) a composite number?
False
Let j be (-11913)/27 + 1 + 26/117. Is j/66*(-8391)/4 composite?
True
Suppose -s - 149276 = -3*k, -248798 = 187*k - 192*k - 3*s. Is k a composite number?
True
Suppose 5*z + 2*m - 4354607 = 0, 3*z - 11*m - 2612749 = -16*m. Is z a composite number?
True
Let i be (24/4)/(-3) + (8 - 5). Let s(m) = 13159*m**3 + m - 1. Is s(i) a prime number?
True
Is (-20)/(-35) - 7991358/(-42) a prime number?
True
Suppose 0 = -5*u - 5*r + 918425, -3*u - 2*r = -10119 - 540942. Is u a prime number?
True
Let j = 118 - 107. Let m(a) = 759*a + 162. Is m(j) a prime number?
False
Let v(f) = 141*f**2 - 1091*f - 93. Is v(38) composite?
False
Let r = 82207 + -44094. Is r composite?
False
Let l = 251242 + -141673. Is l a prime number?
False
Is ((-4)/(-24)*-4)/((-5435044)/(-776436) + -7) a prime number?
False
Let h be ((-4)/(-10))/((-105)/(-18175500)). Suppose -71399 = -5*j - 2*t, 2171 = 5*j - 2*t - h. Is j a prime number?
True
Let w(y) = 230*y**2 + 12*y + 47. Let p be w(9). Suppose p = 10*m - 51785. Is m composite?
False
Suppose 4*y + 114*m = 109*m + 13752, -3*m = 5*y - 17203. Let r = y - 922. Is r a prime number?
True
Suppose -5*r = 4*g - 65044 + 20078, -3*r + 26983 = -g. Suppose r = 37*n - 31*n. Is n a prime number?
True
Let c(s) = s - 2. Let y be c(8). Suppose -4612 = -y*b + 2*b. Suppose 5*q + 5*t - 1785 = 0, -2*t = -3*q - 72 + b. Is q composite?
False
Let c = 7150 - -131941. Is c a composite number?
False
Let k(m) = -451*m + 2553. Is k(-40) prime?
True
Let t(s) = -39*s**3 + 18*s**2 + 19*s - 23. Is t(-5) a prime number?
False
Let q be 1968/34 + (-9 - 1085/(-119)). Let m = 63 - q. Is (6 - m)/3*1227 composite?
False
Suppose 0*z + 96 = -2*z. Let a = 487 - z. Is a a composite number?
True
Let h = -1081 + 1595. Suppose 520*r = h*r + 16230. Is r a prime number?
False
Let s be -11 - -2858 - (1 - 0 - -3). Let i = s + -1446. Is i a composite number?
True
Suppose 86*t - 20387428 + 989870 = 0. Is t prime?
False
Suppose 5 = 5*p, 0 = 3*y - 5*p - 2 - 2. Suppose q + y*g - 7084 = 4891, -2*q + 2*g = -23966. Is q composite?
False
Let w(o) = -o**2 - 7*o - 9. Let a be w(-3). Let m be 6803 - (2 - a - 1). Suppose 41*y - 46*y + m = 0. Is y a composite number?
False
Let p be (-25350)/(-6 + 4) + 2. Is 3/((-84)/p)*-20 composite?
True
Let w be (4/(-10))/(10 + (-615912)/61590). Is w + -3 + 2 + -1 composite?
True
Let a(c) = 2*c**2 - 2*c - 8*c + 23 + 4*c + 10*c**2. Let f be a(10). Suppose 2*p - 4288 = -3*y - 799, -f = -y + 4*p. Is y prime?
True
Let s(u) be the third derivative of -2*u**5 + 7*u**4/24 - 3*u**3/2 + 12*u**2. Let p be s(3). Is (p/(-18))/(2/3) composite?
False
Let f(a) = 21450*a**2 - 190*a + 577. Is f(3) composite?
False
Let x(t) = -134*t**3 - 8*t**2 - 52*t - 7. Let k be x(-6). Let v = 40824 - k. Is v composite?
False
Let v(i) = 3312*i. Let n be v(-22). Let l = -44981 - n. Is l prime?
True
Suppose -5*f + 265615 = -5*j, 5*f - 3*j - 265587 = -5*j. Let i = -25770 + f. Is i a prime number?
False
Let n = -304670 + 519621. Is n composite?
True
Is 14388040/60*-3*((-1)/2)/1 prime?
True
Let o be -17 + 21 - (1 - 9166). Suppose -1857 = -2*m + o. Is m composite?
True
Suppose 5*o - 5593 - 1559 = d, -7149 = -5*o + 2*d. Let t = -790 + o. Is t prime?
True
Suppose 2*o = -4*p + 8, p = -8*o + 6*o + 2. Suppose p*g + 3*f - 5498 = 0, -4*g - 5*f + 6219 = -4773. Is g prime?
False
Let i = 284 - 282. Suppose -4*o + 92753 = -b, i*o + 2*b + 11411 = 57795. Is o composite?
False
Let p be (14/(-35))/(4/(-80)). Suppose 4063 = p*s - 3025. Is s prime?
False
Suppose 2*x = -8067 + 2183. Is x/(-4)*(-6 + 8) a prime number?
True
Let n = -5793 - -24088. Suppose -236*t + 231*t = -n. Is t prime?
True
Let j(s) = 432*s**2 - 2*s + 5. Let m(o) = 7 - 5*o + 380*o**2 + 917*o**2 + 8. Let l(b) = -11*j(b) + 4*m(b). Is l(3) prime?
False
Let u(o) = -8*o - 20. Let h be u(-3). Suppose 2109 = -h*i - 2*f - 991, 5*i + 3861 = f. Let g = i - -1572. Is g a composite number?
True
Is (1584083/(-2))/(10 + 399/(-38)) prime?
True
Suppose 18804 = -4*u - 4*r, -35*u + 33*u + r = 9414. Let f = 6834 + u. Is f a prime number?
True
Is 243649*(-14)/588*-6 prime?
T